 1337e + 3?
13381
In base 6, what is -102013 - -4?
-102005
In base 4, what is -3 - 3000011201?
-3000011210
In base 15, what is -9598 - 6?
-959e
In base 9, what is 5 + -1125135?
-1125130
In base 11, what is 153 + 786?
929
In base 9, what is 3 - -14123?
14126
In base 2, what is -10011111 - -100100111?
10001000
In base 14, what is -837d7 + 2?
-837d5
In base 10, what is -65102 - 0?
-65102
In base 8, what is -1137 - -25?
-1112
In base 13, what is -2 + -2ab55?
-2ab57
In base 4, what is 10011 + -2123232?
-2113221
In base 9, what is 1850277 + -5?
1850272
In base 8, what is -321433 - -51?
-321362
In base 8, what is -30 - -23763?
23733
In base 8, what is 407456 - 5?
407451
In base 5, what is 344013 - 3?
344010
In base 4, what is 11213303 + 1?
11213310
In base 16, what is 1 + -e3cf?
-e3ce
In base 15, what is 1ba - 487?
-2bc
In base 5, what is 10 + -20132?
-20122
In base 2, what is 1111 - -111010111111101001?
111010111111111000
In base 15, what is 12ac + 4?
12b1
In base 2, what is -11001 - -110010101?
101111100
In base 7, what is 2 + 322116?
322121
In base 10, what is 851184 - -5?
851189
In base 4, what is 300010110203 - 1?
300010110202
In base 16, what is -4 - -2a32?
2a2e
In base 3, what is -2 - -101022202121?
101022202112
In base 10, what is -3 - 105428?
-105431
In base 16, what is 23d - 102?
13b
In base 9, what is -7210 - 116?
-7326
In base 5, what is -1334 + -133?
-2022
In base 12, what is 4 + 1a01b?
1a023
In base 9, what is -4 + 315232?
315227
In base 11, what is -22 - -1a7a?
1a58
In base 10, what is -8167 + 161?
-8006
In base 9, what is -855321 - -2?
-855318
In base 11, what is -501 + -117?
-618
In base 6, what is -33134 + 2441?
-30253
In base 12, what is -8006 - -96?
-7b30
In base 8, what is 6 + 33542?
33550
In base 13, what is 191a - a?
1910
In base 8, what is 372316 - 2?
372314
In base 15, what is -846 - -30?
-816
In base 10, what is 533240 + -3?
533237
In base 3, what is 1000212 - 111221?
111221
In base 11, what is 4 + 2214?
2218
In base 16, what is 1507 + 50?
1557
In base 4, what is -11 - -232133?
232122
In base 8, what is -101 - -34345?
34244
In base 8, what is 34652 - -4?
34656
In base 10, what is -9 - 158895?
-158904
In base 14, what is -441 - -132?
-30d
In base 8, what is -30 + -2615?
-2645
In base 6, what is -11541 - -2?
-11535
In base 12, what is 356a3 - 3?
356a0
In base 8, what is 7 - -243?
252
In base 15, what is -32984 + -2?
-32986
In base 3, what is 1 - -120010011220?
120010011221
In base 14, what is -30 + 105b?
102b
In base 8, what is 40 - -6774?
7034
In base 3, what is -10210201222211 + -1?
-10210201222212
In base 8, what is 6 - -1127?
1135
In base 13, what is -c + -2ca?
-309
In base 7, what is 6 - 60244?
-60235
In base 11, what is -21a + 70?
-15a
In base 4, what is 12210310 + 0?
12210310
In base 14, what is c - -3ac?
3ba
In base 6, what is 30 + 12004?
12034
In base 11, what is 3 - -5517?
551a
In base 10, what is -15099 - -1?
-15098
In base 16, what is -1115f9 - 5?
-1115fe
In base 8, what is 104616 + 4?
104622
In base 11, what is 1343 + 878?
2110
In base 11, what is -19a8a - -4?
-19a86
In base 10, what is 28634 - 32?
28602
In base 14, what is -5 - 13d16?
-13d1b
In base 5, what is -31 + -12022441?
-12023022
In base 5, what is 11 - -200021?
200032
In base 14, what is -5 + -159d7c?
-159d83
In base 8, what is -560 + 10367?
7607
In base 3, what is 12022212 + 1001?
12100220
In base 8, what is -6331200 + -4?
-6331204
In base 7, what is -4102316 + -1?
-4102320
In base 14, what is 854 - 542?
312
In base 5, what is 42322 - -32?
42404
In base 3, what is 2 + -1102212110?
-1102212101
In base 9, what is -12712 - 28?
-12741
In base 4, what is -3013 - 333?
-10012
In base 5, what is -40124 + 3444?
-31130
In base 11, what is -10a31 + 1?
-10a30
In base 8, what is 2 + 71150?
71152
In base 7, what is -156 - -245020?
244531
In base 10, what is -2 - 20781?
-20783
In base 3, what is -121110011021 - 22?
-121110011120
In base 15, what is -10 + 208a?
207a
In base 15, what is -14e - -14?
-13a
In base 15, what is 89 + -49?
40
In base 8, what is -55120 + -23?
-55143
In base 6, what is 4 + 13340?
13344
In base 16, what is 5 - 51435?
-51430
In base 4, what is 13 - -21031233?
21031312
In base 8, what is 166724 - 1?
166723
In base 13, what is b1c + -a5?
a47
In base 12, what is -43 - -403?
380
In base 5, what is 2 + 423104?
423111
In base 15, what is 1990 - -2?
1992
In base 16, what is -18 + -232?
-24a
In base 3, what is -1 - 100201100?
-100201101
In base 10, what is -4982 + 8?
-4974
In base 2, what is 11110 - 11111111101011?
-11111111001101
In base 10, what is 61 - -383?
444
In base 16, what is -2 + -d707?
-d709
In base 15, what is -11 - c35b?
-c36c
In base 12, what is 136428 + -3?
136425
In base 3, what is -11 + 22121100210?
22121100122
In base 4, what is -1030133 + -20102?
-1110301
In base 11, what is 2097 + 4?
20a0
In base 5, what is 220 + -10042?
-4322
In base 5, what is 3 + -12403400?
-12403342
In base 7, what is 23516 + -614?
22602
In base 8, what is 11 - -4450?
4461
In base 9, what is 170 + -8223?
-8043
In base 11, what is 2255a5 - -4?
2255a9
In base 9, what is 482 + 64?
556
In base 12, what is 5a4 + -17?
589
In base 2, what is 11011101 - -1100100101?
10000000010
In base 5, what is -4123131 - -1?
-4123130
In base 6, what is -4530 + 1010?
-3520
In base 7, what is 220 - 42?
145
In base 14, what is -462 + -2d?
-491
In base 6, what is 10031314 - 1?
10031313
In base 8, what is 2703 - -54?
2757
In base 15, what is -83 - e?
-92
In base 4, what is 12103333 + -203?
12103130
In base 10, what is 144 + -346?
-202
In base 3, what is 1221 - 110220?
-101222
In base 4, what is -11230020100 - 2?
-11230020102
In base 11, what is 568885 + 1?
568886
In base 2, what is 1111011010 - 100111?
1110110011
In base 4, what is 101033 + 130?
101223
In base 16, what is 1 - -43139?
4313a
In base 13, what is 13 + -7c1?
-7ab
In base 8, what is 126 + -122?
4
In base 6, what is -10031 - -4150?
-1441
In base 3, what is -212100011000 + 1?
-212100010222
In base 2, what is 0 - -10101001010000?
10101001010000
In base 3, what is -22010012 - -10?
-22010002
In base 7, what is -403 - 6436?
-10142
In base 16, what is 89198 - 5?
89193
In base 7, what is -215 + 315?
100
In base 15, what is 0 - 53d3?
-53d3
In base 4, what is -2221003130 - 11?
-2221003201
In base 14, what is -3 + -1c5a15?
-1c5a18
In base 15, what is 49c - 26d?
22e
In base 12, what is 32 + 6194?
6206
In base 15, what is 97 - -11?
a8
In base 4, what is -211313 + 330?
-210323
In base 7, what is 2155 - -354?
2542
In base 13, what is 13122 + -3?
1311c
In base 5, what is -1113320 - 2?
-1113322
In base 11, what is 8 - -2508?
2515
In base 4, what is 10212 + 323?
11201
In base 6, what is 2124 - 11?
2113
In base 5, what is -10433341 - -13?
-10433323
In base 9, what is -512310 - 4?
-512314
In base 4, what is -30021 - 121?
-30202
In base 5, what is -2312 + 10114?
2302
In base 8, what is 52001 + 5?
52006
In base 7, what is 23404 + 624?
24331
In base 5, what is -3110102 - -2?
-3110100
In base 16, what is 2 - 2dba?
-2db8
In base 11, what is -390842 + 4?
-390839
In base 12, what is 41 + -1809?
-1788
In base 12, what is 0 + -4721?
-4721
In base 3, what is 2 - 212011011112?
-212011011110
In base 7, what is 40 - 4004?
-3634
In base 15, what is 2 + -39799?
-39797
In base 9, what is 10 - -8407?
8417
In base 8, what is 47244 - 4?
47240
In base 5, what is 100 + 2341?
2441
In base 2, what is 101101100100 + -110001?
101100110011
In base 14, what is 6 - -88d01?
88d07
In base 12, what is -50146 + -1?
-50147
In base 13, what is -1009 + -67?
-1073
In base 7, what is 2304 - -1663?
4300
In base 13, what is -1 - -712?
711
In base 14, what is -2 - -23b89?
23b87
In base 13, what is -44a4 + -12b?
-4602
In base 10, what is -923 - -226?
-697
In base 12, what is 5 + 44351?
44356
In base 4, what is -100013313 - 21?
-100020000
In base 15, what is 4 + -78938?
-78934
In base 9, what is -270 + -711?
-1081
In base 8, what is -427 + -4674?
-5323
In base 10, what is 5 - 213221?
-213216
In base 10, what is -92208 + 4?
-92204
In base 16, what is 2 - -bb518?
bb51a
In base 15, what is 3 + 4c3db?
4c3de
In base 14, what is 3 - 81475?
-81472
In base 10, what is 138 - 1394?
-1256
In base 12, what is -14 - 37a01?
-37a15
In base 12, what is 414 - -9a6?
11ba
In base 9, what is -52106 + 0?
-52